
Is 13259 a prime number?
True
Is 24253 a prime number?
False
Is 8203 a composite number?
True
Is 10307 a prime number?
False
Is 780869 a composite number?
False
Is 23099 a composite number?
False
Is 94223 a prime number?
False
Is 6467 prime?
False
Is 61151 prime?
True
Is 11183 prime?
False
Is 12589 prime?
True
Is 21 a prime number?
False
Is 1801 a composite number?
False
Is 124739 a prime number?
True
Is 17569 a prime number?
True
Is 484413 a composite number?
True
Is 747806 prime?
False
Is 15833 composite?
True
Is 253 a prime number?
False
Is 329111 composite?
False
Is 2411287 composite?
False
Is 622 a prime number?
False
Is 71317 composite?
False
Is 5833 prime?
False
Is 4143 prime?
False
Is 328579 a composite number?
False
Is 1867751 a prime number?
True
Is 386059 a prime number?
False
Is 842819 composite?
False
Is 61041 composite?
True
Is 99487 composite?
False
Is 1515313 a prime number?
True
Is 70717 composite?
False
Is 863 prime?
True
Is 837451 composite?
False
Is 2421841 a prime number?
True
Is 329 a prime number?
False
Is 11183 composite?
True
Is 2913 prime?
False
Is 5981 prime?
True
Is 662691 composite?
True
Is 218469 prime?
False
Is 1621 composite?
False
Is 16301 a prime number?
True
Is 77117 a composite number?
True
Is 13789 a prime number?
True
Is 1931 a prime number?
True
Is 137077 prime?
True
Is 40751 a prime number?
True
Is 5304649 prime?
False
Is 5143 composite?
True
Is 308663 a composite number?
False
Is 497881 prime?
False
Is 142003 a composite number?
True
Is 10289 composite?
False
Is 192971 a composite number?
False
Is 906473 prime?
True
Is 141533 composite?
True
Is 21963 a composite number?
True
Is 122789 a composite number?
False
Is 79319 a composite number?
False
Is 70937 prime?
True
Is 2770367 a composite number?
False
Is 33665 composite?
True
Is 105319 prime?
True
Is 73729 a prime number?
False
Is 35303 composite?
True
Is 525571 prime?
True
Is 135155 prime?
False
Is 24022 a prime number?
False
Is 129937 a composite number?
False
Is 151181 a prime number?
False
Is 28151 prime?
True
Is 150459 prime?
False
Is 20893 composite?
True
Is 1055 prime?
False
Is 19541 a composite number?
False
Is 14597 composite?
True
Is 404951 a prime number?
True
Is 37918 prime?
False
Is 23239 prime?
False
Is 409 prime?
True
Is 78259 a composite number?
False
Is 588229 prime?
True
Is 170573 prime?
False
Is 359981 a prime number?
True
Is 13841 composite?
False
Is 3365 a prime number?
False
Is 15421 composite?
True
Is 18427 a composite number?
False
Is 27533 prime?
False
Is 182747 a prime number?
True
Is 15517 a composite number?
True
Is 2521 composite?
False
Is 1282 prime?
False
Is 211 a composite number?
False
Is 2081 composite?
False
Is 6403 composite?
True
Is 34015 composite?
True
Is 2959031 a composite number?
False
Is 308197 a composite number?
True
Is 13067 composite?
True
Is 3199 a composite number?
True
Is 262433 prime?
True
Is 10433 composite?
False
Is 445427 composite?
False
Is 253081 a composite number?
False
Is 332081 prime?
True
Is 59309 a composite number?
True
Is 168577 prime?
False
Is 134 prime?
False
Is 207271 prime?
False
Is 44777 a composite number?
False
Is 42877 a composite number?
True
Is 22915 prime?
False
Is 277586 a prime number?
False
Is 25697 a composite number?
True
Is 298729 a composite number?
True
Is 99871 composite?
False
Is 640897 a composite number?
True
Is 1633 composite?
True
Is 15373 a prime number?
True
Is 53231 prime?
True
Is 567445 a composite number?
True
Is 2503 prime?
True
Is 107587 a prime number?
False
Is 58013 a prime number?
True
Is 503359 prime?
True
Is 39677 a prime number?
False
Is 351749 a composite number?
False
Is 48799 prime?
True
Is 8219 a prime number?
True
Is 1981153 prime?
True
Is 20071 prime?
True
Is 331 composite?
False
Is 1758623 a composite number?
False
Is 14963 prime?
False
Is 168193 a prime number?
True
Is 5034377 a composite number?
False
Is 706763 a prime number?
True
Is 5147 a composite number?
False
Is 7151 composite?
False
Is 48857 composite?
False
Is 73339 composite?
True
Is 96553 composite?
False
Is 389479 composite?
False
Is 21687 composite?
True
Is 115657 composite?
False
Is 3793 a prime number?
True
Is 8747 prime?
True
Is 17249 prime?
False
Is 521 a composite number?
False
Is 3037 composite?
False
Is 2310053 a prime number?
False
Is 12671 a composite number?
False
Is 51641 a composite number?
True
Is 2303057 prime?
True
Is 313393 composite?
True
Is 2981 composite?
True
Is 91651 composite?
True
Is 11269 a prime number?
False
Is 38101 a composite number?
True
Is 16847 a prime number?
False
Is 835513 composite?
True
Is 3787 a prime number?
False
Is 198847 a prime number?
False
Is 11251 prime?
True
Is 508159 prime?
True
Is 1967 a composite number?
True
Is 1228769 prime?
False
Is 606514 prime?
False
Is 75079 a prime number?
True
Is 5167 composite?
False
Is 650449 a prime number?
True
Is 1785655 a prime number?
False
Is 1861 a prime number?
True
Is 105739 a prime number?
False
Is 12451 a composite number?
False
Is 976567 a prime number?
False
Is 5972035 prime?
False
Is 253767 composite?
True
Is 449 composite?
False
Is 132017 a prime number?
False
Is 169523 prime?
True
Is 366901 a prime number?
True
Is 90047 a prime number?
False
Is 3251 composite?
False
Is 876097 prime?
True
Is 16843 a composite number?
False
Is 16961 composite?
True
Is 269117 a prime number?
True
Is 29261 composite?
True
Is 48394 a composite number?
True
Is 119027 a prime number?
True
Is 174697 a prime number?
False
Is 163 a prime number?
True
Is 955207 a composite number?
True
Is 21863 composite?
False
Is 11215 a composite number?
True
Is 106331 a prime number?
True
Is 64133 composite?
True
Is 130241 composite?
False
Is 219233 a prime number?
False
Is 2999 a composite number?
False
Is 1374733 composite?
True
Is 16817 composite?
True
Is 261557 a prime number?
True
Is 7123 a prime number?
False
Is 161843 composite?
True
Is 178881 a composite number?
True
Is 2063 composite?
False
Is 2012221 a composite number?
False
Is 1823 a composite number?
False
Is 206671 prime?
False
Is 178753 a composite number?
False
Is 38293 a composite number?
True
Is 335 composite?
True
Is 1067 composite?
True
Is 16811 a composite number?
False
Is 5297 composite?
False
Is 14519 prime?
True
Is 6629 prime?
False
Is 508498 composite?
True
Is 517637 a prime number?
True
Is 247823 composite?
True
Is 529 a prime number?
False
Is 87883 a prime number?
False
Is 7609 a prime number?
False
Is 122131 prime?
True
Is 685 a prime number?
False
Is 41887 a composite number?
False
Is 3013277 a prime number?
True
Is 5515 composite?
True
Is 220109 a prime number?
False
Is 81157 a composite number?
False
Is 52439 a prime number?
False
Is 94067 prime?
False
Is 36511 a prime number?
False
Is 373171 a composite number?
False
Is 199 composite?
False
Is 865379 prime?
True
Is 691 prime?
True
Is 4296865 composite?
True
Is 4621 prime?
True
Is 5557 a composite number?
False
Is 1741 a composite number?
False
Is 15359 composite?
False
Is 94631 a composite number?
True
Is 59441 prime?
True
Is 481 a composite number?
True
Is 33665 prime?
False
Is 6743 composite?
True
Is 1523 a composite number?
False
Is 50497 prime?
True
Is 3389 composite?
False
Is 1001209 a prime number?
False
Is 17237 a prime number?
False
Is 31593 a composite number?
True
Is 398813 prime?
True
Is 190571 a prime number?
False
Is 8717 prime?
False
Is 4855 a prime number?
False
Is 26283 prime?
False
Is 225949 prime?
True
Is 373129 a prime number?
False
Is 10391 a composite number?
False
Is 1345 composite?
True
Is 498521 a composite number?
False
Is 395423 composite?
True
Is 139715 a prime number?
False
Is 18101 composite?
True
Is 1183703 prime?
False
Is 389 a prime number?
True
Is 705941 a prime number?
False
Is 1372661 a composite number?
False
Is 107999 a prime number?
True
Is 7817 prime?
True
Is 10831 a prime number?
True
Is 2287 composite?
False
Is 8285 a composite number?
True
Is 553 a prime number?
False
Is 3821 a composite number?
False
Is 24403 a prime number?
False
Is 1315 prime?
False
Is 1324757 composite?
True
Is 25867 composite?
False
Is 197993 prime?
False
Is 77911 a composite number?
True
Is 797493 composite?
True
Is 8921 a prime number?
False
Is 4417 a composite number?
True
Is 195